{"id":2161,"date":"2020-12-18T09:50:38","date_gmt":"2020-12-18T09:50:38","guid":{"rendered":"https:\/\/hostingo.peacefulqode.com\/?page_id=2161"},"modified":"2025-03-26T19:58:38","modified_gmt":"2025-03-27T00:58:38","slug":"about-us","status":"publish","type":"page","link":"https:\/\/www.saohosting.net\/index.php\/about-us\/","title":{"rendered":"Nuestra Empresa"},"content":{"rendered":"\t\t<div data-elementor-type=\"wp-page\" data-elementor-id=\"2161\" class=\"elementor elementor-2161\">\n\t\t\t\t\t\t\t\t\t<div class=\"elementor-section elementor-top-section elementor-element elementor-element-03f0c61 elementor-section-full_width elementor-section-stretched elementor-section-height-default elementor-section-height-default\" data-id=\"03f0c61\" data-element_type=\"section\" data-settings=\"{&quot;stretch_section&quot;:&quot;section-stretched&quot;}\">\n\t\t\t\t\t\t<div class=\"elementor-container elementor-column-gap-default\">\n\t\t\t\t\t<div class=\"elementor-column elementor-col-100 elementor-top-column elementor-element elementor-element-95cb666\" data-id=\"95cb666\" data-element_type=\"column\">\n\t\t\t<div class=\"elementor-widget-wrap elementor-element-populated\">\n\t\t\t\t\t\t\t\t<div class=\"elementor-section elementor-inner-section elementor-element elementor-element-7932dfd elementor-section-boxed elementor-section-height-default elementor-section-height-default\" data-id=\"7932dfd\" data-element_type=\"section\">\n\t\t\t\t\t\t<div class=\"elementor-container elementor-column-gap-default\">\n\t\t\t\t\t<div class=\"elementor-column elementor-col-50 elementor-inner-column elementor-element elementor-element-2db2918\" data-id=\"2db2918\" data-element_type=\"column\">\n\t\t\t<div class=\"elementor-widget-wrap elementor-element-populated\">\n\t\t\t\t\t\t\t\t<div class=\"elementor-element elementor-element-d80fd91 elementor-widget elementor-widget-section_title\" data-id=\"d80fd91\" data-element_type=\"widget\" data-widget_type=\"section_title.default\">\n\t\t\t\t<div class=\"elementor-widget-container\">\n\t\t\t<div class=\"pt-section-title-1 \">   \r\n   \t\t\r\n     \t<h5 class=\"pt-section-title\">Saoredes Cia. Ltda - Saohosting, la mejor alternativa de almacenamiento de informaci\u00f3n en el Ecuador.<\/h5>     \t<p class=\"pt-section-description\">   \r\n<\/div>\t\t<\/div>\n\t\t\t\t<\/div>\n\t\t\t\t<div class=\"elementor-element elementor-element-122916b elementor-widget elementor-widget-Button\" data-id=\"122916b\" data-element_type=\"widget\" data-widget_type=\"Button.default\">\n\t\t\t\t<div class=\"elementor-widget-container\">\n\t\t\t<div class=\"pt-btn-container\">\r\n    <div class=\"pt-button-block\">\r\n\t\t\t<a class=\"pt-button\" href=\"#\">\r\n\r\n\t\t\t<span class=\"text\">M\u00e1s Informaci\u00f3n<\/span>\r\n\t\t\t<\/a>\r\n    <\/div>  \r\n\r\n<\/div>\r\n\t\t<\/div>\n\t\t\t\t<\/div>\n\t\t\t\t\t<\/div>\n\t\t<\/div>\n\t\t\t\t<div class=\"elementor-column elementor-col-50 elementor-inner-column elementor-element elementor-element-45b4178 elementor-invisible\" data-id=\"45b4178\" data-element_type=\"column\" data-settings=\"{&quot;animation&quot;:&quot;fadeInRight&quot;}\">\n\t\t\t<div class=\"elementor-widget-wrap elementor-element-populated\">\n\t\t\t\t\t\t\t\t<div class=\"elementor-element elementor-element-1a803a9 elementor-widget elementor-widget-image\" data-id=\"1a803a9\" data-element_type=\"widget\" data-widget_type=\"image.default\">\n\t\t\t\t<div class=\"elementor-widget-container\">\n\t\t\t<style>\/*! elementor - v3.15.0 - 02-08-2023 *\/\n.elementor-widget-image{text-align:center}.elementor-widget-image a{display:inline-block}.elementor-widget-image a img[src$=\".svg\"]{width:48px}.elementor-widget-image img{vertical-align:middle;display:inline-block}<\/style>\t\t\t\t\t\t\t\t\t\t\t\t<img decoding=\"async\" src=\"https:\/\/hostingo.peacefulqode.com\/wp-content\/uploads\/2020\/12\/Group-519-1.svg\" title=\"\" alt=\"\" loading=\"lazy\" \/>\t\t\t\t\t\t\t\t\t\t\t\t\t\t\t<\/div>\n\t\t\t\t<\/div>\n\t\t\t\t<div class=\"elementor-element elementor-element-94b076c elementor-icon-list--layout-traditional elementor-list-item-link-full_width elementor-widget elementor-widget-icon-list\" data-id=\"94b076c\" data-element_type=\"widget\" data-widget_type=\"icon-list.default\">\n\t\t\t\t<div class=\"elementor-widget-container\">\n\t\t\t<link rel=\"stylesheet\" href=\"https:\/\/www.saohosting.net\/wp-content\/plugins\/elementor\/assets\/css\/widget-icon-list.min.css\">\t\t<ul class=\"elementor-icon-list-items\">\n\t\t\t\t\t\t\t<li class=\"elementor-icon-list-item\">\n\t\t\t\t\t\t\t\t\t\t\t<span class=\"elementor-icon-list-icon\">\n\t\t\t\t\t\t\t<i aria-hidden=\"true\" class=\"ion ion-android-done-all\"><\/i>\t\t\t\t\t\t<\/span>\n\t\t\t\t\t\t\t\t\t\t<span class=\"elementor-icon-list-text\">Contamos con una moderna infraestructura de servidores de alta gama, disponibilidad y capacidad de nueva generaci\u00f3n para ofreser la experiencia m\u00e1s r\u00e1pida de almacenamiento en el Ecuador.<\/span>\n\t\t\t\t\t\t\t\t\t<\/li>\n\t\t\t\t\t\t\t\t<li class=\"elementor-icon-list-item\">\n\t\t\t\t\t\t\t\t\t\t\t<span class=\"elementor-icon-list-icon\">\n\t\t\t\t\t\t\t<i aria-hidden=\"true\" class=\"ion ion-android-done-all\"><\/i>\t\t\t\t\t\t<\/span>\n\t\t\t\t\t\t\t\t\t\t<span class=\"elementor-icon-list-text\">Nuestro equipo t\u00e9cnico calificado puede tranferir su sitio web de forma sergura y en el menor tiempo posible.<\/span>\n\t\t\t\t\t\t\t\t\t<\/li>\n\t\t\t\t\t\t\t\t<li class=\"elementor-icon-list-item\">\n\t\t\t\t\t\t\t\t\t\t\t<span class=\"elementor-icon-list-icon\">\n\t\t\t\t\t\t\t<i aria-hidden=\"true\" class=\"ion ion-android-done-all\"><\/i>\t\t\t\t\t\t<\/span>\n\t\t\t\t\t\t\t\t\t\t<span class=\"elementor-icon-list-text\">Conexi\u00f3n Directa BGP Con Los Principales Proveedores TIER De Salida Nacional E Internacional de acceso a Internet.<\/span>\n\t\t\t\t\t\t\t\t\t<\/li>\n\t\t\t\t\t\t<\/ul>\n\t\t\t\t<\/div>\n\t\t\t\t<\/div>\n\t\t\t\t\t<\/div>\n\t\t<\/div>\n\t\t\t\t\t\t\t<\/div>\n\t\t<\/div>\n\t\t\t\t\t<\/div>\n\t\t<\/div>\n\t\t\t\t\t\t\t<\/div>\n\t\t<\/div>\n\t\t\t\t<section class=\"elementor-section elementor-top-section elementor-element elementor-element-cef8f5b elementor-section-boxed elementor-section-height-default elementor-section-height-default\" data-id=\"cef8f5b\" data-element_type=\"section\">\n\t\t\t\t\t\t<div class=\"elementor-container elementor-column-gap-default\">\n\t\t\t\t\t<div class=\"elementor-column elementor-col-100 elementor-top-column elementor-element elementor-element-22bd14c\" data-id=\"22bd14c\" data-element_type=\"column\">\n\t\t\t<div class=\"elementor-widget-wrap elementor-element-populated\">\n\t\t\t\t\t\t\t\t<div class=\"elementor-element elementor-element-8b30457 elementor-widget elementor-widget-section_title\" data-id=\"8b30457\" data-element_type=\"widget\" data-widget_type=\"section_title.default\">\n\t\t\t\t<div class=\"elementor-widget-container\">\n\t\t\t<div class=\"pt-section-title-1 text-center\">   \r\n   \t\t\r\n     \t<h5 class=\"pt-section-title\">SAOREDES Cia. Ltda.<\/h5>     \t<p class=\"pt-section-description\">Nombre Comercial \u201cSAOHOSTING\u201d    \r\n<\/div>\t\t<\/div>\n\t\t\t\t<\/div>\n\t\t\t\t\t<\/div>\n\t\t<\/div>\n\t\t\t\t\t\t\t<\/div>\n\t\t<\/section>\n\t\t\t\t<section class=\"elementor-section elementor-top-section elementor-element elementor-element-c9d2587 elementor-section-boxed elementor-section-height-default elementor-section-height-default\" data-id=\"c9d2587\" data-element_type=\"section\">\n\t\t\t\t\t\t<div class=\"elementor-container elementor-column-gap-default\">\n\t\t\t\t\t<div class=\"elementor-column elementor-col-100 elementor-top-column elementor-element elementor-element-9026d54\" data-id=\"9026d54\" data-element_type=\"column\">\n\t\t\t<div class=\"elementor-widget-wrap elementor-element-populated\">\n\t\t\t\t\t\t\t\t<div class=\"elementor-element elementor-element-d2f53e0 elementor-widget elementor-widget-text-editor\" data-id=\"d2f53e0\" data-element_type=\"widget\" data-widget_type=\"text-editor.default\">\n\t\t\t\t<div class=\"elementor-widget-container\">\n\t\t\t<style>\/*! elementor - v3.15.0 - 02-08-2023 *\/\n.elementor-widget-text-editor.elementor-drop-cap-view-stacked .elementor-drop-cap{background-color:#69727d;color:#fff}.elementor-widget-text-editor.elementor-drop-cap-view-framed .elementor-drop-cap{color:#69727d;border:3px solid;background-color:transparent}.elementor-widget-text-editor:not(.elementor-drop-cap-view-default) .elementor-drop-cap{margin-top:8px}.elementor-widget-text-editor:not(.elementor-drop-cap-view-default) .elementor-drop-cap-letter{width:1em;height:1em}.elementor-widget-text-editor .elementor-drop-cap{float:left;text-align:center;line-height:1;font-size:50px}.elementor-widget-text-editor .elementor-drop-cap-letter{display:inline-block}<\/style>\t\t\t\t<p class=\"\" data-start=\"130\" data-end=\"547\"><strong data-start=\"130\" data-end=\"166\">SAOREDES CIA. LTDA. &#8211; SAOHOSTING<\/strong> cuenta con <strong data-start=\"178\" data-end=\"204\">18 a\u00f1os de experiencia<\/strong> en el sector tecnol\u00f3gico y opera su propio centro de datos en Ecuador, respaldado por una infraestructura de servidores de \u00faltima generaci\u00f3n de <strong data-start=\"349\" data-end=\"357\">HPE\u00ae<\/strong> y <strong data-start=\"360\" data-end=\"369\">Dell\u00ae<\/strong>. Somos <strong data-start=\"377\" data-end=\"418\">Partner de cPanel\u00ae para Latinoam\u00e9rica<\/strong>, adem\u00e1s de socios tecnol\u00f3gicos de <strong data-start=\"453\" data-end=\"469\">HPE\u00ae y Dell\u00ae<\/strong>, lo que nos permite ofrecer soluciones de alto rendimiento y confiabilidad.<\/p><p class=\"\" data-start=\"549\" data-end=\"1074\">Nuestra red funciona bajo el <strong data-start=\"578\" data-end=\"594\">ASN AS267881<\/strong> y dispone de recursos propios de <strong data-start=\"628\" data-end=\"643\">IPv4 e IPv6<\/strong>. Para garantizar la m\u00e1xima seguridad, contamos con <strong data-start=\"695\" data-end=\"755\">Fortinet\u00ae como socio estrat\u00e9gico en seguridad perimetral<\/strong>, asegurando protecci\u00f3n avanzada contra amenazas cibern\u00e9ticas y garantizando la integridad de nuestros servicios. Adem\u00e1s, para <strong data-start=\"882\" data-end=\"925\">soluciones de respaldo y almacenamiento<\/strong>, trabajamos con <strong data-start=\"942\" data-end=\"978\">Synology\u00ae como socio estrat\u00e9gico<\/strong>, lo que nos permite ofrecer infraestructura de almacenamiento de datos confiable y eficiente.<\/p><p class=\"\" data-start=\"1076\" data-end=\"1579\">Ofrecemos servidores dedicados de alto rendimiento para la gesti\u00f3n de consultas DNS y garantizamos conectividad directa al <strong data-start=\"1199\" data-end=\"1217\">NAP de Ecuador<\/strong> (IXP &#8211; Internet Exchange Point), lo que permite un intercambio eficiente del tr\u00e1fico local de Internet. Adem\u00e1s, mantenemos conexiones <strong data-start=\"1352\" data-end=\"1359\">BGP<\/strong> directas con los principales proveedores de acceso a Internet <strong data-start=\"1422\" data-end=\"1432\">Tier 1<\/strong> nacionales e internacionales, incluyendo <strong data-start=\"1474\" data-end=\"1576\">Telia\u00ae, Telxius\u00ae, Italian Telecom\u00ae, Sprint\u00ae, Level3\u00ae, Century Link\u00ae, Telconet\u00ae, Otecel\u00ae y Conecel\u00ae<\/strong>.<\/p><p class=\"\" data-start=\"1581\" data-end=\"1963\">Gracias a nuestra infraestructura optimizada, logramos tiempos de acceso de <strong data-start=\"1657\" data-end=\"1749\">9 ms para tr\u00e1fico local, 20 ms para tr\u00e1fico nacional y 120 ms para tr\u00e1fico internacional<\/strong>. Brindamos soluciones avanzadas en <strong data-start=\"1785\" data-end=\"1960\">hosting web, correo electr\u00f3nico, almacenamiento NAS, aplicaciones propietarias, servidores compartidos CPANEL\u00ae, servidores virtuales CPANEL\u00ae y servidores dedicados CPANEL\u00ae<\/strong>.<\/p><p class=\"\" data-start=\"1965\" data-end=\"2099\">Nuestro <strong data-start=\"1973\" data-end=\"2001\">centro de datos Tier III<\/strong> est\u00e1 dise\u00f1ado para alta disponibilidad y cuenta con <strong data-start=\"2054\" data-end=\"2082\">sistemas redundantes N+1<\/strong>, que incluyen:<\/p><ul data-start=\"2100\" data-end=\"2346\"><li class=\"\" data-start=\"2100\" data-end=\"2146\"><p class=\"\" data-start=\"2102\" data-end=\"2146\"><strong data-start=\"2102\" data-end=\"2144\">Sistema de Climatizaci\u00f3n AC 24\/7 (N+1)<\/strong><\/p><\/li><li class=\"\" data-start=\"2147\" data-end=\"2175\"><p class=\"\" data-start=\"2149\" data-end=\"2175\"><strong data-start=\"2149\" data-end=\"2173\">UPS ONLINE &#8211; Doble l\u00edneas de distribuci\u00f3n el\u00e9ctrica de 110v \/220v<\/strong><\/p><\/li><li class=\"\" data-start=\"2176\" data-end=\"2230\"><p class=\"\" data-start=\"2178\" data-end=\"2230\"><strong data-start=\"2178\" data-end=\"2228\">Generador de Energ\u00eda Principal (operaci\u00f3n 24h)<\/strong><\/p><\/li><li class=\"\" data-start=\"2231\" data-end=\"2289\"><p class=\"\" data-start=\"2233\" data-end=\"2289\"><strong data-start=\"2233\" data-end=\"2287\">Generador de Energ\u00eda de Respaldo (N+1 redundancia)(operaci\u00f3n 24h)<\/strong><\/p><\/li><li class=\"\" data-start=\"2290\" data-end=\"2346\"><p class=\"\" data-start=\"2292\" data-end=\"2346\"><strong data-start=\"2292\" data-end=\"2344\">Infraestructura de almacenamiento NAS redundante<\/strong><\/p><\/li><\/ul><p class=\"\" data-start=\"2348\" data-end=\"2559\">Con <strong data-start=\"2352\" data-end=\"2410\">cuatro enlaces de fibra \u00f3ptica principal y de respaldo<\/strong>, servidores de \u00faltima generaci\u00f3n y la mejor latencia en Ecuador, garantizamos m\u00e1xima eficiencia, seguridad y confiabilidad para nuestros clientes.<\/p>\t\t\t\t\t\t<\/div>\n\t\t\t\t<\/div>\n\t\t\t\t\t<\/div>\n\t\t<\/div>\n\t\t\t\t\t\t\t<\/div>\n\t\t<\/section>\n\t\t\t\t\t\t\t<\/div>\n\t\t","protected":false},"excerpt":{"rendered":"<p>Saoredes Cia. Ltda &#8211; Saohosting, la mejor alternativa de almacenamiento de informaci\u00f3n en el Ecuador. M\u00e1s Informaci\u00f3n Contamos con una moderna infraestructura de servidores de alta gama, disponibilidad y capacidad de nueva generaci\u00f3n para ofreser la experiencia m\u00e1s r\u00e1pida de almacenamiento en el Ecuador. Nuestro equipo t\u00e9cnico calificado puede tranferir su sitio web de forma [&hellip;]<\/p>\n","protected":false},"author":1,"featured_media":0,"parent":0,"menu_order":0,"comment_status":"closed","ping_status":"closed","template":"","meta":{"footnotes":""},"class_list":["post-2161","page","type-page","status-publish","hentry"],"acf":[],"_links":{"self":[{"href":"https:\/\/www.saohosting.net\/index.php\/wp-json\/wp\/v2\/pages\/2161","targetHints":{"allow":["GET"]}}],"collection":[{"href":"https:\/\/www.saohosting.net\/index.php\/wp-json\/wp\/v2\/pages"}],"about":[{"href":"https:\/\/www.saohosting.net\/index.php\/wp-json\/wp\/v2\/types\/page"}],"author":[{"embeddable":true,"href":"https:\/\/www.saohosting.net\/index.php\/wp-json\/wp\/v2\/users\/1"}],"replies":[{"embeddable":true,"href":"https:\/\/www.saohosting.net\/index.php\/wp-json\/wp\/v2\/comments?post=2161"}],"version-history":[{"count":51,"href":"https:\/\/www.saohosting.net\/index.php\/wp-json\/wp\/v2\/pages\/2161\/revisions"}],"predecessor-version":[{"id":13594,"href":"https:\/\/www.saohosting.net\/index.php\/wp-json\/wp\/v2\/pages\/2161\/revisions\/13594"}],"wp:attachment":[{"href":"https:\/\/www.saohosting.net\/index.php\/wp-json\/wp\/v2\/media?parent=2161"}],"curies":[{"name":"wp","href":"https:\/\/api.w.org\/{rel}","templated":true}]}}