{"id":2165,"date":"2020-12-18T09:51:51","date_gmt":"2020-12-18T09:51:51","guid":{"rendered":"https:\/\/hostingo.peacefulqode.com\/?page_id=2165"},"modified":"2022-01-07T11:30:34","modified_gmt":"2022-01-07T16:30:34","slug":"our-process","status":"publish","type":"page","link":"https:\/\/www.saohosting.net\/index.php\/our-process\/","title":{"rendered":"Nuestros Procesos"},"content":{"rendered":"\t\t<div data-elementor-type=\"wp-page\" data-elementor-id=\"2165\" class=\"elementor elementor-2165\">\n\t\t\t\t\t\t\t\t\t<div class=\"elementor-section elementor-top-section elementor-element elementor-element-57c2ece elementor-section-full_width elementor-section-stretched elementor-section-height-default elementor-section-height-default\" data-id=\"57c2ece\" data-element_type=\"section\" data-settings=\"{&quot;stretch_section&quot;:&quot;section-stretched&quot;}\">\n\t\t\t\t\t\t<div class=\"elementor-container elementor-column-gap-default\">\n\t\t\t\t\t<div class=\"elementor-column elementor-col-100 elementor-top-column elementor-element elementor-element-ca01c18\" data-id=\"ca01c18\" data-element_type=\"column\">\n\t\t\t<div class=\"elementor-widget-wrap elementor-element-populated\">\n\t\t\t\t\t\t\t\t<div class=\"elementor-section elementor-inner-section elementor-element elementor-element-4a2595a elementor-section-boxed elementor-section-height-default elementor-section-height-default\" data-id=\"4a2595a\" data-element_type=\"section\">\n\t\t\t\t\t\t<div class=\"elementor-container elementor-column-gap-default\">\n\t\t\t\t\t<div class=\"elementor-column elementor-col-100 elementor-inner-column elementor-element elementor-element-40b2d98\" data-id=\"40b2d98\" data-element_type=\"column\">\n\t\t\t<div class=\"elementor-widget-wrap\">\n\t\t\t\t\t\t\t\t\t<\/div>\n\t\t<\/div>\n\t\t\t\t\t\t\t<\/div>\n\t\t<\/div>\n\t\t\t\t<div class=\"elementor-element elementor-element-5cc1b4a elementor-widget elementor-widget-section_title\" data-id=\"5cc1b4a\" data-element_type=\"widget\" data-widget_type=\"section_title.default\">\n\t\t\t\t<div class=\"elementor-widget-container\">\n\t\t\t<div class=\"pt-section-title-1 text-center\">   \r\n   \t\t\r\n     \t<h5 class=\"pt-section-title\">Saohosting Procesos de Activaci\u00f3n de Servicio<\/h5>     \t<p class=\"pt-section-description\">Saoredes Cia. Ltda. &#8211; Saohosting presenta los lineamientos para activaci\u00f3n de los servicios.   \r\n<\/div>\t\t<\/div>\n\t\t\t\t<\/div>\n\t\t\t\t<div class=\"elementor-section elementor-inner-section elementor-element elementor-element-8b52252 elementor-section-boxed elementor-section-height-default elementor-section-height-default\" data-id=\"8b52252\" data-element_type=\"section\">\n\t\t\t\t\t\t<div class=\"elementor-container elementor-column-gap-default\">\n\t\t\t\t\t<div class=\"elementor-column elementor-col-33 elementor-inner-column elementor-element elementor-element-730e9f4 elementor-invisible\" data-id=\"730e9f4\" data-element_type=\"column\" data-settings=\"{&quot;animation&quot;:&quot;fadeIn&quot;,&quot;animation_delay&quot;:300}\">\n\t\t\t<div class=\"elementor-widget-wrap elementor-element-populated\">\n\t\t\t\t\t\t\t\t<div class=\"elementor-element elementor-element-1be5e3c elementor-widget elementor-widget-Process_Step\" data-id=\"1be5e3c\" data-element_type=\"widget\" data-widget_type=\"Process_Step.default\">\n\t\t\t\t<div class=\"elementor-widget-container\">\n\t\t\t\r\n<div class=\"pt-process-step pt-process-2\">\r\n\r\n             <img decoding=\"async\" class=\"pt-before-img\" src=\"https:\/\/hostingo.peacefulqode.com\/wp-content\/uploads\/2020\/12\/1-1.png\" alt=\"arrow-img\">\r\n         <div class=\"pt-process-media\"><i class=\" flaticon-007-monitor-screen\"><\/i><span class=\"pt-process-number\">1<\/span><\/div>    \r\n    <div class=\"pt-process-info\">\r\n        <h4 class=\"pt-process-title\">Registrar el Dominio<\/h4>        \r\n        <p class=\"pt-process-description\"><p>Se procede a registrar el dominio comercial.<\/p><\/p>\r\n    <\/div>\r\n\r\n   <div class=\"pt-btn-container\">\r\n    <div class=\"pt-button-block\">\r\n\t\t\t<a class=\"pt-button\">\r\n\r\n\t\t\t<span class=\"text\">Click Here<\/span>\r\n\t\t\t<\/a>\r\n    <\/div>  \r\n\r\n<\/div>\r\n<\/div>\r\n\r\n\t\t<\/div>\n\t\t\t\t<\/div>\n\t\t\t\t\t<\/div>\n\t\t<\/div>\n\t\t\t\t<div class=\"elementor-column elementor-col-33 elementor-inner-column elementor-element elementor-element-d18d0b7 elementor-invisible\" data-id=\"d18d0b7\" data-element_type=\"column\" data-settings=\"{&quot;animation&quot;:&quot;fadeIn&quot;,&quot;animation_delay&quot;:400}\">\n\t\t\t<div class=\"elementor-widget-wrap elementor-element-populated\">\n\t\t\t\t\t\t\t\t<div class=\"elementor-element elementor-element-1a5aa7a elementor-widget elementor-widget-Process_Step\" data-id=\"1a5aa7a\" data-element_type=\"widget\" data-widget_type=\"Process_Step.default\">\n\t\t\t\t<div class=\"elementor-widget-container\">\n\t\t\t\r\n<div class=\"pt-process-step pt-process-2\">\r\n\r\n             <img decoding=\"async\" class=\"pt-before-img\" src=\"https:\/\/hostingo.peacefulqode.com\/wp-content\/uploads\/2020\/12\/2-1-1.png\" alt=\"arrow-img\">\r\n         <div class=\"pt-process-media\"><i class=\" flaticon-006-server\"><\/i><span class=\"pt-process-number\">2<\/span><\/div>    \r\n    <div class=\"pt-process-info\">\r\n        <h4 class=\"pt-process-title\">Activaci\u00f3n del Hosting<\/h4>        \r\n        <p class=\"pt-process-description\"><p>Se procede con la activaci\u00f3n del hosting. Para cada servicios de hosting existe diferentes tiempo de implementaci\u00f3n:<\/p><ul><li>Planes Hosting Compartido de 1 a 2 horas laborables.<\/li><li>Planes VPS de 3 a 5 horas laborables.<\/li><li>Planes Dedicados 24 a 72 horas laborables previo a revisi\u00f3n de stock.<\/li><\/ul><\/p>\r\n    <\/div>\r\n\r\n   <div class=\"pt-btn-container\">\r\n    <div class=\"pt-button-block\">\r\n\t\t\t<a class=\"pt-button\">\r\n\r\n\t\t\t<span class=\"text\">Click Here<\/span>\r\n\t\t\t<\/a>\r\n    <\/div>  \r\n\r\n<\/div>\r\n<\/div>\r\n\r\n\t\t<\/div>\n\t\t\t\t<\/div>\n\t\t\t\t\t<\/div>\n\t\t<\/div>\n\t\t\t\t<div class=\"elementor-column elementor-col-33 elementor-inner-column elementor-element elementor-element-18737ba elementor-invisible\" data-id=\"18737ba\" data-element_type=\"column\" data-settings=\"{&quot;animation&quot;:&quot;fadeIn&quot;,&quot;animation_delay&quot;:500}\">\n\t\t\t<div class=\"elementor-widget-wrap elementor-element-populated\">\n\t\t\t\t\t\t\t\t<div class=\"elementor-element elementor-element-cfe82f9 elementor-widget elementor-widget-Process_Step\" data-id=\"cfe82f9\" data-element_type=\"widget\" data-widget_type=\"Process_Step.default\">\n\t\t\t\t<div class=\"elementor-widget-container\">\n\t\t\t\r\n<div class=\"pt-process-step pt-process-2\">\r\n\r\n          <div class=\"pt-process-media\"><i class=\" flaticon-003-monitor-screen\"><\/i><span class=\"pt-process-number\">3<\/span><\/div>    \r\n    <div class=\"pt-process-info\">\r\n        <h4 class=\"pt-process-title\">Migraci\u00f3n de Sitio web<\/h4>        \r\n        <p class=\"pt-process-description\"><p>Se procede con la subida de la informaci\u00f3n de forma manual o migraci\u00f3n de servidor a servidor por medio de nuestra aplicaci\u00f3n API-Cpanel.<\/p><\/p>\r\n    <\/div>\r\n\r\n   <div class=\"pt-btn-container\">\r\n    <div class=\"pt-button-block\">\r\n\t\t\t<a class=\"pt-button\">\r\n\r\n\t\t\t<span class=\"text\">Click Here<\/span>\r\n\t\t\t<\/a>\r\n    <\/div>  \r\n\r\n<\/div>\r\n<\/div>\r\n\r\n\t\t<\/div>\n\t\t\t\t<\/div>\n\t\t\t\t\t<\/div>\n\t\t<\/div>\n\t\t\t\t\t\t\t<\/div>\n\t\t<\/div>\n\t\t\t\t\t<\/div>\n\t\t<\/div>\n\t\t\t\t\t\t\t<\/div>\n\t\t<\/div>\n\t\t\t\t<div class=\"elementor-section elementor-top-section elementor-element elementor-element-3c9a825 elementor-section-full_width elementor-section-stretched elementor-section-height-default elementor-section-height-default\" data-id=\"3c9a825\" data-element_type=\"section\" data-settings=\"{&quot;stretch_section&quot;:&quot;section-stretched&quot;,&quot;background_background&quot;:&quot;classic&quot;}\">\n\t\t\t\t\t\t<div class=\"elementor-container elementor-column-gap-default\">\n\t\t\t\t\t<div class=\"elementor-column elementor-col-100 elementor-top-column elementor-element elementor-element-5ff3710\" data-id=\"5ff3710\" data-element_type=\"column\">\n\t\t\t<div class=\"elementor-widget-wrap elementor-element-populated\">\n\t\t\t\t\t\t\t\t<div class=\"elementor-section elementor-inner-section elementor-element elementor-element-47b0ac4 elementor-section-boxed elementor-section-height-default elementor-section-height-default\" data-id=\"47b0ac4\" data-element_type=\"section\">\n\t\t\t\t\t\t<div class=\"elementor-container elementor-column-gap-default\">\n\t\t\t\t\t<div class=\"elementor-column elementor-col-100 elementor-inner-column elementor-element elementor-element-42a344b\" data-id=\"42a344b\" data-element_type=\"column\">\n\t\t\t<div class=\"elementor-widget-wrap elementor-element-populated\">\n\t\t\t\t\t\t\t\t<div class=\"elementor-element elementor-element-65f1a0c elementor-widget elementor-widget-section_title\" data-id=\"65f1a0c\" data-element_type=\"widget\" data-widget_type=\"section_title.default\">\n\t\t\t\t<div class=\"elementor-widget-container\">\n\t\t\t<div class=\"pt-section-title-1 text-center\">   \r\n   \t\t\r\n     \t<h5 class=\"pt-section-title\">Ofrecemos El Mejor Alojamiento Web En El Ecuador<\/h5>     \t<p class=\"pt-section-description\">* Servidores HPE\u00ae de alta demanda con tecnolog\u00eda RAID10 SATA SSD o SATA 7.2K.<br>\n* Conexion directa BGP a proveedores TIER de acceso a internet nacionales e internacionales.<br>\n* ASN y Recursos IPV4 e IPV6 propios.<br>\n* Cuatro Servidores de Resoluci\u00f3n de Dominios(DNS) de alta demenada.<br>\n* Consola de administraci\u00f3n WHM\u00ae y CPANEL\u00ae.<br>\n* Nuestro compromiso de servicio del 99.9%.<br>\n* Migraci\u00f3n de cuentas con equipo t\u00e9cnico calificado.<br>\n* Garant\u00eda de soporte 24\/7\/365.   \r\n<\/div>\t\t<\/div>\n\t\t\t\t<\/div>\n\t\t\t\t\t<\/div>\n\t\t<\/div>\n\t\t\t\t\t\t\t<\/div>\n\t\t<\/div>\n\t\t\t\t<div class=\"elementor-section elementor-inner-section elementor-element elementor-element-fc942db elementor-section-boxed elementor-section-height-default elementor-section-height-default\" data-id=\"fc942db\" data-element_type=\"section\" data-settings=\"{&quot;animation&quot;:&quot;none&quot;}\">\n\t\t\t\t\t\t<div class=\"elementor-container elementor-column-gap-default\">\n\t\t\t\t\t<div class=\"elementor-column elementor-col-100 elementor-inner-column elementor-element elementor-element-a5f32a7\" data-id=\"a5f32a7\" data-element_type=\"column\">\n\t\t\t<div class=\"elementor-widget-wrap elementor-element-populated\">\n\t\t\t\t\t\t\t\t<div class=\"elementor-element elementor-element-25666af elementor-widget elementor-widget-fancybox\" data-id=\"25666af\" data-element_type=\"widget\" data-widget_type=\"fancybox.default\">\n\t\t\t\t<div class=\"elementor-widget-container\">\n\t\t\t\r\n\r\n\r\n<div class=\"pt-fancy-box-slider pt-fancy-box-slider-1\">\r\n    <div class=\"swiper-container\" data-nav=\"false\" data-pagination_type=\"bullets\" data-desk_num=\"3\" data-lap_num=\"2\" data-tab_num=\"2\" data-mob_num=\"1\" data-mob_sm=\"1\" data-autoplay=\"true\" data-loop=\"true\" data-margin=\"30\">\r\n\r\n         <div class=\"swiper-wrapper\">\r\n                            <div class=\"swiper-slide\">\r\n                    <div class=\"pt-fancybox-box-info\">\r\n                        <h4 class=\"pt-fancy-title\">Migraci\u00f3n Sin costo<\/h4><div class=\"pt-fancy-media\"><i class=\" flaticon-006-server\"><\/i><\/div><p class=\"pt-fancybox-description\">La migraci\u00f3n de informac\u00edon no tiene costo adicionale cuanto se activa el servicio con nosotros.\r\n                       <div class=\"pt-btn-container\">\r\n                            <div class=\"pt-button-block\">\r\n                                <a class=\"pt-button pt-btn-link\" href=\"https:\/\/hostingo.peacefulqode.com\/our-services\/\">\r\n                                    <span class=\"text\">Read More<\/span>\r\n                                    <span class=\"pt-button-line-left\"><\/span>\r\n\r\n                                <\/a>\r\n                            <\/div>\r\n                        <\/div>\r\n\r\n\r\n                    <\/div>\r\n                <\/div>\r\n                            <div class=\"swiper-slide\">\r\n                    <div class=\"pt-fancybox-box-info\">\r\n                        <h4 class=\"pt-fancy-title\">Email  Hosting<\/h4><div class=\"pt-fancy-media\"><i class=\" flaticon-017-email\"><\/i><\/div><p class=\"pt-fancybox-description\">It is a long established fact that a reader will be by the readable content of a page when distracted  looking at its distracted  layout.\r\n                       <div class=\"pt-btn-container\">\r\n                            <div class=\"pt-button-block\">\r\n                                <a class=\"pt-button pt-btn-link\" href=\"https:\/\/hostingo.peacefulqode.com\/our-services\/\">\r\n                                    <span class=\"text\">Read More<\/span>\r\n                                    <span class=\"pt-button-line-left\"><\/span>\r\n\r\n                                <\/a>\r\n                            <\/div>\r\n                        <\/div>\r\n\r\n\r\n                    <\/div>\r\n                <\/div>\r\n                            <div class=\"swiper-slide\">\r\n                    <div class=\"pt-fancybox-box-info\">\r\n                        <h4 class=\"pt-fancy-title\">Daily Backup<\/h4><div class=\"pt-fancy-media\"><i class=\" flaticon-001-server\"><\/i><\/div><p class=\"pt-fancybox-description\">It is a long established fact that a reader will be by the readable content of a page when distracted  looking at its distracted  layout.\r\n                       <div class=\"pt-btn-container\">\r\n                            <div class=\"pt-button-block\">\r\n                                <a class=\"pt-button pt-btn-link\" href=\"https:\/\/hostingo.peacefulqode.com\/our-services\/\">\r\n                                    <span class=\"text\">Read More<\/span>\r\n                                    <span class=\"pt-button-line-left\"><\/span>\r\n\r\n                                <\/a>\r\n                            <\/div>\r\n                        <\/div>\r\n\r\n\r\n                    <\/div>\r\n                <\/div>\r\n                            <div class=\"swiper-slide\">\r\n                    <div class=\"pt-fancybox-box-info\">\r\n                        <h4 class=\"pt-fancy-title\">Automatic Scalability<\/h4><div class=\"pt-fancy-media\"><i class=\" flaticon-002-cloud-computing\"><\/i><\/div><p class=\"pt-fancybox-description\">It is a long established fact that a reader will be by the readable content of a page when distracted  looking at its distracted  layout.\r\n                       <div class=\"pt-btn-container\">\r\n                            <div class=\"pt-button-block\">\r\n                                <a class=\"pt-button pt-btn-link\" href=\"https:\/\/hostingo.peacefulqode.com\/our-services\/\">\r\n                                    <span class=\"text\">Read More<\/span>\r\n                                    <span class=\"pt-button-line-left\"><\/span>\r\n\r\n                                <\/a>\r\n                            <\/div>\r\n                        <\/div>\r\n\r\n\r\n                    <\/div>\r\n                <\/div>\r\n                            <div class=\"swiper-slide\">\r\n                    <div class=\"pt-fancybox-box-info\">\r\n                        <h4 class=\"pt-fancy-title\">One Click Staging<\/h4><div class=\"pt-fancy-media\"><i class=\" flaticon-019-server\"><\/i><\/div><p class=\"pt-fancybox-description\">It is a long established fact that a reader will be by the readable content of a page when distracted  looking at its distracted  layout.\r\n                       <div class=\"pt-btn-container\">\r\n                            <div class=\"pt-button-block\">\r\n                                <a class=\"pt-button pt-btn-link\" href=\"https:\/\/hostingo.peacefulqode.com\/our-services\/\">\r\n                                    <span class=\"text\">Read More<\/span>\r\n                                    <span class=\"pt-button-line-left\"><\/span>\r\n\r\n                                <\/a>\r\n                            <\/div>\r\n                        <\/div>\r\n\r\n\r\n                    <\/div>\r\n                <\/div>\r\n                            <div class=\"swiper-slide\">\r\n                    <div class=\"pt-fancybox-box-info\">\r\n                        <h4 class=\"pt-fancy-title\">Instent Backup <\/h4><div class=\"pt-fancy-media\"><i class=\" flaticon-028-laptop-screen\"><\/i><\/div><p class=\"pt-fancybox-description\">It is a long established fact that a reader will be by the readable content of a page when distracted  looking at its distracted  layout.\r\n                       <div class=\"pt-btn-container\">\r\n                            <div class=\"pt-button-block\">\r\n                                <a class=\"pt-button pt-btn-link\" href=\"https:\/\/hostingo.peacefulqode.com\/our-services\/\">\r\n                                    <span class=\"text\">Read More<\/span>\r\n                                    <span class=\"pt-button-line-left\"><\/span>\r\n\r\n                                <\/a>\r\n                            <\/div>\r\n                        <\/div>\r\n\r\n\r\n                    <\/div>\r\n                <\/div>\r\n                     <\/div>\r\n\r\n            \r\n\r\n\r\n            \r\n            <div class=\"swiper-pagination\"><\/div>\r\n\r\n                <\/div>\r\n<\/div>\r\n\r\n\t\t<\/div>\n\t\t\t\t<\/div>\n\t\t\t\t\t<\/div>\n\t\t<\/div>\n\t\t\t\t\t\t\t<\/div>\n\t\t<\/div>\n\t\t\t\t\t<\/div>\n\t\t<\/div>\n\t\t\t\t\t\t\t<\/div>\n\t\t<\/div>\n\t\t\t\t<div class=\"elementor-section elementor-top-section elementor-element elementor-element-80ee0a1 elementor-section-full_width elementor-section-stretched elementor-section-height-default elementor-section-height-default\" data-id=\"80ee0a1\" data-element_type=\"section\" data-settings=\"{&quot;stretch_section&quot;:&quot;section-stretched&quot;}\">\n\t\t\t\t\t\t<div class=\"elementor-container elementor-column-gap-default\">\n\t\t\t\t\t<div class=\"elementor-column elementor-col-100 elementor-top-column elementor-element elementor-element-1f87c88\" data-id=\"1f87c88\" data-element_type=\"column\">\n\t\t\t<div class=\"elementor-widget-wrap\">\n\t\t\t\t\t\t\t\t\t<\/div>\n\t\t<\/div>\n\t\t\t\t\t\t\t<\/div>\n\t\t<\/div>\n\t\t\t\t\t\t\t<\/div>\n\t\t","protected":false},"excerpt":{"rendered":"<p>Saohosting Procesos de Activaci\u00f3n de Servicio Saoredes Cia. Ltda. \u2013 Saohosting presenta los lineamientos para activaci\u00f3n de los servicios. 1 Registrar el Dominio Se procede a registrar el dominio comercial. Click Here 2 Activaci\u00f3n del Hosting Se procede con la activaci\u00f3n del hosting. Para cada servicios de hosting existe diferentes tiempo de implementaci\u00f3n: Planes Hosting [&hellip;]<\/p>\n","protected":false},"author":1,"featured_media":0,"parent":0,"menu_order":0,"comment_status":"closed","ping_status":"closed","template":"","meta":{"footnotes":""},"class_list":["post-2165","page","type-page","status-publish","hentry"],"acf":[],"_links":{"self":[{"href":"https:\/\/www.saohosting.net\/index.php\/wp-json\/wp\/v2\/pages\/2165","targetHints":{"allow":["GET"]}}],"collection":[{"href":"https:\/\/www.saohosting.net\/index.php\/wp-json\/wp\/v2\/pages"}],"about":[{"href":"https:\/\/www.saohosting.net\/index.php\/wp-json\/wp\/v2\/types\/page"}],"author":[{"embeddable":true,"href":"https:\/\/www.saohosting.net\/index.php\/wp-json\/wp\/v2\/users\/1"}],"replies":[{"embeddable":true,"href":"https:\/\/www.saohosting.net\/index.php\/wp-json\/wp\/v2\/comments?post=2165"}],"version-history":[{"count":23,"href":"https:\/\/www.saohosting.net\/index.php\/wp-json\/wp\/v2\/pages\/2165\/revisions"}],"predecessor-version":[{"id":13071,"href":"https:\/\/www.saohosting.net\/index.php\/wp-json\/wp\/v2\/pages\/2165\/revisions\/13071"}],"wp:attachment":[{"href":"https:\/\/www.saohosting.net\/index.php\/wp-json\/wp\/v2\/media?parent=2165"}],"curies":[{"name":"wp","href":"https:\/\/api.w.org\/{rel}","templated":true}]}}